 are the prime factors of 1634953?
1634953
What are the prime factors of 394094?
2, 17, 67, 173
What are the prime factors of 4502002?
2, 2251001
List the prime factors of 2421840.
2, 3, 5, 10091
List the prime factors of 8740268.
2, 1049, 2083
What are the prime factors of 8477792?
2, 264931
What are the prime factors of 723080?
2, 5, 18077
List the prime factors of 2071.
19, 109
List the prime factors of 5704602.
2, 3, 53, 17939
List the prime factors of 162390.
2, 3, 5, 5413
What are the prime factors of 2651623?
13, 203971
List the prime factors of 123151.
7, 73, 241
What are the prime factors of 1268460?
2, 3, 5, 29
What are the prime factors of 1853257?
7, 43, 47, 131
What are the prime factors of 230978?
2, 11, 10499
List the prime factors of 729775.
5, 29191
What are the prime factors of 35494168?
2, 4436771
List the prime factors of 4402404.
2, 3, 40763
List the prime factors of 3944565.
3, 5, 61, 479
List the prime factors of 3647961.
3, 23, 17623
List the prime factors of 436767.
3, 145589
List the prime factors of 1897682.
2, 19, 49939
List the prime factors of 1278950.
2, 5, 25579
What are the prime factors of 902265?
3, 5, 7, 13, 661
What are the prime factors of 17907869?
7, 23, 111229
What are the prime factors of 183493?
281, 653
What are the prime factors of 1734811?
13, 133447
List the prime factors of 10955686.
2, 7, 859, 911
What are the prime factors of 178943?
127, 1409
What are the prime factors of 167615?
5, 7, 4789
What are the prime factors of 337109?
277, 1217
List the prime factors of 632741.
31, 20411
List the prime factors of 4126726.
2, 193, 10691
List the prime factors of 131760.
2, 3, 5, 61
List the prime factors of 5956291.
11, 19, 28499
What are the prime factors of 659647?
347, 1901
What are the prime factors of 2704138?
2, 1352069
What are the prime factors of 586056?
2, 3, 24419
List the prime factors of 9477568.
2, 17, 31, 281
What are the prime factors of 383921?
127, 3023
List the prime factors of 2204260.
2, 5, 307, 359
List the prime factors of 229949.
229949
List the prime factors of 17193492.
2, 3, 159199
List the prime factors of 4866191.
11, 149, 2969
What are the prime factors of 16179035?
5, 3235807
What are the prime factors of 3727432?
2, 465929
List the prime factors of 13140263.
599, 21937
What are the prime factors of 357319?
357319
List the prime factors of 13657872.
2, 3, 284539
What are the prime factors of 24974494?
2, 41, 151, 2017
What are the prime factors of 700803?
3, 77867
What are the prime factors of 3320145?
3, 5, 89, 829
List the prime factors of 2293730.
2, 5, 229373
List the prime factors of 111715.
5, 22343
What are the prime factors of 17992519?
173, 104003
What are the prime factors of 548400?
2, 3, 5, 457
List the prime factors of 3690145.
5, 738029
List the prime factors of 756788.
2, 137, 1381
List the prime factors of 26342.
2, 13171
What are the prime factors of 22247?
22247
What are the prime factors of 3546324?
2, 3, 23, 4283
What are the prime factors of 341347?
341347
What are the prime factors of 698689?
199, 3511
List the prime factors of 2448194.
2, 7, 31, 5641
What are the prime factors of 26847?
3, 19, 157
What are the prime factors of 1192381?
223, 5347
List the prime factors of 1815559.
1815559
List the prime factors of 37978589.
11, 23, 43, 3491
List the prime factors of 121814.
2, 7, 11, 113
What are the prime factors of 19089929?
17, 1122937
What are the prime factors of 12453013?
12453013
What are the prime factors of 4496091?
3, 1498697
What are the prime factors of 12676126?
2, 37, 171299
What are the prime factors of 1253716?
2, 17, 103, 179
List the prime factors of 2061372.
2, 3, 283, 607
List the prime factors of 656157.
3, 218719
List the prime factors of 3325873.
433, 7681
What are the prime factors of 7969?
13, 613
What are the prime factors of 883761?
3, 59, 4993
What are the prime factors of 220380?
2, 3, 5, 3673
List the prime factors of 3697265.
5, 11, 13, 5171
List the prime factors of 7972634.
2, 587, 6791
What are the prime factors of 8742799?
13, 41, 47, 349
What are the prime factors of 66900?
2, 3, 5, 223
What are the prime factors of 12858614?
2, 31, 157, 1321
What are the prime factors of 4735293?
3, 1019, 1549
What are the prime factors of 379753?
11, 19, 23, 79
List the prime factors of 5957209.
29, 205421
What are the prime factors of 8629104?
2, 3, 11, 59, 277
List the prime factors of 1798752.
2, 3, 41, 457
List the prime factors of 148548.
2, 3, 12379
What are the prime factors of 6154461?
3, 19, 31, 43
List the prime factors of 750401.
750401
What are the prime factors of 10303177?
41, 251297
List the prime factors of 117252.
2, 3, 3257
What are the prime factors of 1101871?
1101871
What are the prime factors of 1206675?
3, 5, 31, 173
List the prime factors of 213334.
2, 11, 9697
What are the prime factors of 5208178?
2, 67, 38867
List the prime factors of 179137.
7, 157, 163
List the prime factors of 280682.
2, 37, 3793
What are the prime factors of 2012643?
3, 113, 1979
What are the prime factors of 123629?
11, 11239
What are the prime factors of 3628857?
3, 29, 53, 787
What are the prime factors of 206778?
2, 3, 11, 13, 241
What are the prime factors of 265222?
2, 132611
List the prime factors of 20887899.
3, 6962633
What are the prime factors of 21920301?
3, 13, 257
What are the prime factors of 448769?
448769
List the prime factors of 22240701.
3, 7, 23, 15349
List the prime factors of 2443949.
2443949
What are the prime factors of 1299068?
2, 19, 17093
What are the prime factors of 2356055?
5, 13, 67, 541
What are the prime factors of 1140453?
3, 42239
What are the prime factors of 735325?
5, 67, 439
List the prime factors of 159535.
5, 31907
List the prime factors of 16417158.
2, 3, 2736193
What are the prime factors of 40396?
2, 10099
What are the prime factors of 197371?
197371
List the prime factors of 3297321.
3, 97, 1259
What are the prime factors of 1072946?
2, 7, 173, 443
List the prime factors of 19816.
2, 2477
What are the prime factors of 25502546?
2, 37, 344629
List the prime factors of 1678242.
2, 3, 279707
What are the prime factors of 184689?
3, 20521
What are the prime factors of 4326355?
5, 11, 7151
What are the prime factors of 395897?
395897
What are the prime factors of 18219392?
2, 37, 3847
List the prime factors of 70907.
17, 43, 97
List the prime factors of 302925.
3, 5, 7, 577
List the prime factors of 714393.
3, 26459
List the prime factors of 292472.
2, 36559
List the prime factors of 514018.
2, 157, 1637
List the prime factors of 517587.
3, 7, 503
What are the prime factors of 8308627?
61, 136207
List the prime factors of 8645497.
7, 31, 39841
What are the prime factors of 9030692?
2, 11, 167, 1229
What are the prime factors of 2533510?
2, 5, 7, 17, 2129
List the prime factors of 24089317.
7, 1307, 2633
What are the prime factors of 11509982?
2, 11, 23, 43
List the prime factors of 66802.
2, 127, 263
List the prime factors of 199103.
199103
List the prime factors of 274658.
2, 191, 719
List the prime factors of 38877978.
2, 3, 6479663
What are the prime factors of 978370?
2, 5, 227, 431
What are the prime factors of 220691?
199, 1109
What are the prime factors of 465783?
3, 17, 9133
What are the prime factors of 9302437?
137, 67901
What are the prime factors of 1123243?
11, 9283
List the prime factors of 707430.
2, 3, 5, 23581
What are the prime factors of 136780?
2, 5, 7, 977
List the prime factors of 160151.
19, 8429
What are the prime factors of 1029823?
1029823
List the prime factors of 249460.
2, 5, 12473
What are the prime factors of 738750?
2, 3, 5, 197
What are the prime factors of 3463454?
2, 419, 4133
List the prime factors of 314803.
43, 7321
What are the prime factors of 577347?
3, 223, 863
What are the prime factors of 770698?
2, 181, 2129
List the prime factors of 295583.
19, 47, 331
What are the prime factors of 81177?
3, 27059
What are the prime factors of 3278420?
2, 5, 23, 7127
What are the prime factors of 951734?
2, 7, 157, 433
What are the prime factors of 16033094?
2, 7, 11, 107, 139
List the prime factors of 1047733.
337, 3109
What are the prime factors of 635637?
3, 211879
What are the prime factors of 180991?
241, 751
List the prime factors of 87564.
2, 3, 7297
